CRAN Package Check Results for Package riAFTBART

Last updated on 2023-02-03 09:55:44 CET.

Flavor Version Tinstall Tcheck Ttotal Status Flags
r-devel-linux-x86_64-debian-clang 0.3.2 6.74 55.87 62.61 OK
r-devel-linux-x86_64-debian-gcc 0.3.2 5.37 41.32 46.69 OK
r-devel-linux-x86_64-fedora-clang 0.3.2 83.34 NOTE
r-devel-linux-x86_64-fedora-gcc 0.3.2 78.22 NOTE
r-patched-linux-x86_64 0.3.2 4.19 53.61 57.80 OK
r-release-linux-x86_64 0.3.2 4.09 54.05 58.14 OK
r-release-macos-arm64 0.3.2 26.00 NOTE
r-release-macos-x86_64 0.3.2 39.00 NOTE
r-release-windows-x86_64 0.3.2 18.00 90.00 108.00 OK
r-oldrel-macos-arm64 0.3.2 25.00 NOTE
r-oldrel-macos-x86_64 0.3.2 38.00 NOTE
r-oldrel-windows-ix86+x86_64 0.3.2 14.00 81.00 95.00 OK

Check Details

Version: 0.3.2
Check: dependencies in R code
Result: NOTE
    Namespace in Imports field not imported from: ‘MASS’
     All declared Imports should be used.
Flavors: r-devel-linux-x86_64-fedora-clang, r-devel-linux-x86_64-fedora-gcc, r-release-macos-arm64, r-release-macos-x86_64, r-oldrel-macos-arm64, r-oldrel-macos-x86_64