Last updated on 2022-05-28 10:50:55 CEST.
Flavor | Version | Tinstall | Tcheck | Ttotal | Status | Flags |
---|---|---|---|---|---|---|
r-devel-linux-x86_64-debian-clang | 0.3.8 | 5.27 | 84.05 | 89.32 | OK | |
r-devel-linux-x86_64-debian-gcc | 0.3.8 | 3.23 | 65.52 | 68.75 | OK | |
r-devel-linux-x86_64-fedora-clang | 0.3.8 | 111.35 | NOTE | |||
r-devel-linux-x86_64-fedora-gcc | 0.3.8 | 90.66 | OK | |||
r-devel-windows-x86_64 | 0.3.8 | 55.00 | 108.00 | 163.00 | NOTE | |
r-patched-linux-x86_64 | 0.3.8 | 5.26 | 82.05 | 87.31 | OK | |
r-release-linux-x86_64 | 0.3.8 | 4.66 | 82.77 | 87.43 | OK | |
r-release-macos-arm64 | 0.3.8 | 36.00 | NOTE | |||
r-release-macos-x86_64 | 0.3.8 | 46.00 | NOTE | |||
r-release-windows-x86_64 | 0.3.8 | 68.00 | 113.00 | 181.00 | NOTE | |
r-oldrel-macos-arm64 | 0.3.8 | 701.00 | NOTE | |||
r-oldrel-macos-x86_64 | 0.3.8 | 52.00 | NOTE | |||
r-oldrel-windows-ix86+x86_64 | 0.3.8 | 13.00 | 95.00 | 108.00 | NOTE |
Version: 0.3.8
Check: installed package size
Result: NOTE
installed size is 11.7Mb
sub-directories of 1Mb or more:
doc 10.3Mb
htmlwidgets 1.3Mb
Flavors: r-devel-linux-x86_64-fedora-clang, r-devel-windows-x86_64, r-release-macos-arm64, r-release-macos-x86_64, r-release-windows-x86_64, r-oldrel-macos-arm64, r-oldrel-macos-x86_64, r-oldrel-windows-ix86+x86_64