CRAN Package Check Results for Package rgugik

Last updated on 2021-12-05 10:48:49 CET.

Flavor Version Tinstall Tcheck Ttotal Status Flags
r-devel-linux-x86_64-debian-clang 0.3.1 3.28 39.94 43.22 OK
r-devel-linux-x86_64-debian-gcc 0.3.1 2.80 32.08 34.88 OK
r-devel-linux-x86_64-fedora-clang 0.3.1 55.24 NOTE
r-devel-linux-x86_64-fedora-gcc 0.3.1 43.39 NOTE
r-devel-windows-x86_64-new-UL 0.3.1 13.00 79.00 92.00 OK
r-devel-windows-x86_64-new-TK 0.3.1 NOTE
r-devel-windows-x86_64-old 0.3.1 6.00 47.00 53.00 OK
r-patched-linux-x86_64 0.3.1 3.77 31.80 35.57 OK
r-release-linux-x86_64 0.3.1 2.94 39.42 42.36 OK
r-release-macos-arm64 0.3.1 NOTE
r-release-macos-x86_64 0.3.1 NOTE
r-release-windows-ix86+x86_64 0.3.1 9.00 57.00 66.00 OK
r-oldrel-macos-x86_64 0.3.1 NOTE
r-oldrel-windows-ix86+x86_64 0.3.1 7.00 59.00 66.00 OK

Check Details

Version: 0.3.1
Check: data for non-ASCII characters
Result: NOTE
     Note: found 1473 marked UTF-8 strings
Flavors: r-devel-linux-x86_64-fedora-clang, r-devel-linux-x86_64-fedora-gcc, r-devel-windows-x86_64-new-TK, r-release-macos-arm64, r-release-macos-x86_64, r-oldrel-macos-x86_64