Last updated on 2023-03-27 09:50:24 CEST.
Flavor | Version | Tinstall | Tcheck | Ttotal | Status | Flags |
---|---|---|---|---|---|---|
r-devel-linux-x86_64-debian-clang | 0.2.2 | 10.38 | 111.04 | 121.42 | OK | |
r-devel-linux-x86_64-debian-gcc | 0.2.2 | 8.65 | 85.45 | 94.10 | OK | |
r-devel-linux-x86_64-fedora-clang | 0.2.2 | 148.99 | NOTE | |||
r-devel-linux-x86_64-fedora-gcc | 0.2.2 | 157.33 | NOTE | |||
r-patched-linux-x86_64 | 0.2.2 | 6.97 | 107.53 | 114.50 | OK | |
r-release-linux-x86_64 | 0.2.2 | 6.67 | 105.12 | 111.79 | OK | |
r-release-macos-arm64 | 0.2.2 | 39.00 | NOTE | |||
r-release-macos-x86_64 | 0.2.2 | 72.00 | NOTE | |||
r-release-windows-x86_64 | 0.2.2 | 32.00 | 148.00 | 180.00 | OK | |
r-oldrel-macos-arm64 | 0.2.2 | 100.00 | NOTE | |||
r-oldrel-macos-x86_64 | 0.2.2 | 65.00 | NOTE | |||
r-oldrel-windows-ix86+x86_64 | 0.2.2 | 21.00 | 135.00 | 156.00 | OK |
Version: 0.2.2
Check: dependencies in R code
Result: NOTE
Namespaces in Imports field not imported from:
‘leaflet’ ‘pals’ ‘raster’ ‘sp’
All declared Imports should be used.
Flavors: r-devel-linux-x86_64-fedora-clang, r-devel-linux-x86_64-fedora-gcc, r-release-macos-arm64, r-release-macos-x86_64, r-oldrel-macos-arm64, r-oldrel-macos-x86_64