CRAN Package Check Results for Package rgenius

Last updated on 2022-12-05 09:51:29 CET.

Flavor Version Tinstall Tcheck Ttotal Status Flags
r-devel-linux-x86_64-debian-clang 0.1.0 4.78 50.05 54.83 NOTE
r-devel-linux-x86_64-debian-gcc 0.1.0 4.24 37.54 41.78 NOTE
r-devel-linux-x86_64-fedora-clang 0.1.0 80.85 NOTE
r-devel-linux-x86_64-fedora-gcc 0.1.0 75.14 NOTE
r-devel-windows-x86_64 0.1.0 13.00 78.00 91.00 NOTE
r-patched-linux-x86_64 0.1.0 4.76 47.18 51.94 NOTE
r-release-linux-x86_64 0.1.0 4.35 47.23 51.58 NOTE
r-release-macos-arm64 0.1.0 22.00 NOTE
r-release-macos-x86_64 0.1.0 41.00 NOTE
r-release-windows-x86_64 0.1.0 20.00 77.00 97.00 NOTE
r-oldrel-macos-arm64 0.1.0 25.00 NOTE
r-oldrel-macos-x86_64 0.1.0 36.00 NOTE
r-oldrel-windows-ix86+x86_64 0.1.0 15.00 69.00 84.00 NOTE

Check Details

Version: 0.1.0
Check: LazyData
Result: NOTE
     'LazyData' is specified without a 'data' directory
Flavors: r-devel-linux-x86_64-debian-clang, r-devel-linux-x86_64-debian-gcc, r-devel-linux-x86_64-fedora-clang, r-devel-linux-x86_64-fedora-gcc, r-devel-windows-x86_64, r-patched-linux-x86_64, r-release-linux-x86_64, r-release-macos-arm64, r-release-macos-x86_64, r-release-windows-x86_64, r-oldrel-macos-arm64, r-oldrel-macos-x86_64, r-oldrel-windows-ix86+x86_64