CRAN Package Check Results for Package rfUtilities

Last updated on 2022-01-23 09:58:39 CET.

Flavor Version Tinstall Tcheck Ttotal Status Flags
r-devel-linux-x86_64-debian-clang 2.1-5 4.31 55.02 59.33 NOTE
r-devel-linux-x86_64-debian-gcc 2.1-5 3.86 46.14 50.00 NOTE
r-devel-linux-x86_64-fedora-clang 2.1-5 74.35 NOTE
r-devel-linux-x86_64-fedora-gcc 2.1-5 62.30 NOTE
r-devel-windows-x86_64-new-UL 2.1-5 96.00 75.00 171.00 NOTE
r-devel-windows-x86_64-new-TK 2.1-5 NOTE
r-patched-linux-x86_64 2.1-5 5.65 53.90 59.55 NOTE
r-release-linux-x86_64 2.1-5 5.25 53.77 59.02 NOTE
r-release-macos-arm64 2.1-5 NOTE
r-release-macos-x86_64 2.1-5 NOTE
r-release-windows-ix86+x86_64 2.1-5 14.00 63.00 77.00 NOTE
r-oldrel-macos-x86_64 2.1-5 OK
r-oldrel-windows-ix86+x86_64 2.1-5 10.00 62.00 72.00 OK

Check Details

Version: 2.1-5
Check: LazyData
Result: NOTE
     'LazyData' is specified without a 'data' directory
Flavors: r-devel-linux-x86_64-debian-clang, r-devel-linux-x86_64-debian-gcc, r-devel-linux-x86_64-fedora-clang, r-devel-linux-x86_64-fedora-gcc, r-devel-windows-x86_64-new-UL, r-devel-windows-x86_64-new-TK, r-patched-linux-x86_64, r-release-linux-x86_64, r-release-macos-arm64, r-release-macos-x86_64, r-release-windows-ix86+x86_64