Last updated on 2023-02-04 10:54:45 CET.
Flavor | Version | Tinstall | Tcheck | Ttotal | Status | Flags |
---|---|---|---|---|---|---|
r-devel-linux-x86_64-debian-clang | 1.5.1 | 60.70 | 515.41 | 576.11 | NOTE | |
r-devel-linux-x86_64-debian-gcc | 1.5.1 | 50.89 | 354.35 | 405.24 | NOTE | |
r-devel-linux-x86_64-fedora-clang | 1.5.1 | 692.86 | NOTE | |||
r-devel-linux-x86_64-fedora-gcc | 1.5.1 | 758.21 | NOTE | |||
r-devel-windows-x86_64 | 1.5.1 | 114.00 | 565.00 | 679.00 | NOTE | |
r-patched-linux-x86_64 | 1.5.1 | 46.53 | 482.65 | 529.18 | OK | |
r-release-linux-x86_64 | 1.5.1 | 42.03 | 465.26 | 507.29 | OK | |
r-release-macos-arm64 | 1.5.1 | 155.00 | NOTE | |||
r-release-macos-x86_64 | 1.5.1 | 216.00 | NOTE | |||
r-release-windows-x86_64 | 1.5.1 | 112.00 | 579.00 | 691.00 | OK | |
r-oldrel-macos-arm64 | 1.5.1 | 155.00 | NOTE | |||
r-oldrel-macos-x86_64 | 1.5.1 | 214.00 | NOTE | |||
r-oldrel-windows-ix86+x86_64 | 1.5.1 | 134.00 | 668.00 | 802.00 | OK |
Version: 1.5.1
Check: C++ specification
Result: NOTE
Specified C++11: please update to current default of C++17
Flavors: r-devel-linux-x86_64-debian-clang, r-devel-linux-x86_64-debian-gcc, r-devel-linux-x86_64-fedora-clang, r-devel-linux-x86_64-fedora-gcc, r-devel-windows-x86_64
Version: 1.5.1
Check: installed package size
Result: NOTE
installed size is 5.5Mb
sub-directories of 1Mb or more:
libs 4.4Mb
Flavors: r-release-macos-arm64, r-release-macos-x86_64, r-oldrel-macos-arm64, r-oldrel-macos-x86_64