CRAN Package Check Results for Package retry

Last updated on 2022-05-16 10:52:49 CEST.

Flavor Version Tinstall Tcheck Ttotal Status Flags
r-devel-linux-x86_64-debian-clang 0.1.0 2.23 40.21 42.44 NOTE
r-devel-linux-x86_64-debian-gcc 0.1.0 1.60 30.90 32.50 NOTE
r-devel-linux-x86_64-fedora-clang 0.1.0 51.36 NOTE
r-devel-linux-x86_64-fedora-gcc 0.1.0 50.06 NOTE
r-devel-windows-x86_64 0.1.0 10.00 71.00 81.00 NOTE
r-patched-linux-x86_64 0.1.0 2.62 39.38 42.00 NOTE
r-release-linux-x86_64 0.1.0 2.05 39.52 41.57 NOTE
r-release-macos-arm64 0.1.0 26.00 NOTE
r-release-macos-x86_64 0.1.0 36.00 NOTE
r-release-windows-x86_64 0.1.0 10.00 73.00 83.00 NOTE
r-oldrel-macos-arm64 0.1.0 31.00 NOTE
r-oldrel-macos-x86_64 0.1.0 36.00 NOTE
r-oldrel-windows-ix86+x86_64 0.1.0 8.00 60.00 68.00 NOTE

Check Details

Version: 0.1.0
Check: LazyData
Result: NOTE
     'LazyData' is specified without a 'data' directory
Flavors: r-devel-linux-x86_64-debian-clang, r-devel-linux-x86_64-debian-gcc, r-devel-linux-x86_64-fedora-clang, r-devel-linux-x86_64-fedora-gcc, r-devel-windows-x86_64, r-patched-linux-x86_64, r-release-linux-x86_64, r-release-macos-arm64, r-release-macos-x86_64, r-release-windows-x86_64, r-oldrel-macos-arm64, r-oldrel-macos-x86_64, r-oldrel-windows-ix86+x86_64