CRAN Package Check Results for Package repo

Last updated on 2022-11-30 10:51:47 CET.

Flavor Version Tinstall Tcheck Ttotal Status Flags
r-devel-linux-x86_64-debian-clang 2.1.5 4.16 41.32 45.48 NOTE
r-devel-linux-x86_64-debian-gcc 2.1.5 3.29 31.09 34.38 NOTE
r-devel-linux-x86_64-fedora-clang 2.1.5 66.21 NOTE
r-devel-linux-x86_64-fedora-gcc 2.1.5 68.75 NOTE
r-devel-windows-x86_64 2.1.5 28.00 100.00 128.00 NOTE
r-patched-linux-x86_64 2.1.5 4.62 37.74 42.36 OK
r-release-linux-x86_64 2.1.5 3.77 43.22 46.99 OK
r-release-macos-arm64 2.1.5 23.00 OK
r-release-macos-x86_64 2.1.5 32.00 OK
r-release-windows-x86_64 2.1.5 30.00 84.00 114.00 OK
r-oldrel-macos-arm64 2.1.5 26.00 OK
r-oldrel-macos-x86_64 2.1.5 44.00 OK
r-oldrel-windows-ix86+x86_64 2.1.5 9.00 65.00 74.00 OK

Check Details

Version: 2.1.5
Check: package subdirectories
Result: NOTE
    Problems with news in 'NEWS.md':
    No news entries found.
Flavors: r-devel-linux-x86_64-debian-clang, r-devel-linux-x86_64-debian-gcc, r-devel-linux-x86_64-fedora-clang, r-devel-linux-x86_64-fedora-gcc, r-devel-windows-x86_64