CRAN Package Check Results for Package repana

Last updated on 2022-12-07 10:50:08 CET.

Flavor Version Tinstall Tcheck Ttotal Status Flags
r-devel-linux-x86_64-debian-clang 1.23.2 10.75 114.20 124.95 NOTE
r-devel-linux-x86_64-debian-gcc 1.23.2 7.96 85.89 93.85 NOTE
r-devel-linux-x86_64-fedora-clang 1.23.2 168.84 NOTE
r-devel-linux-x86_64-fedora-gcc 1.23.2 168.18 NOTE
r-devel-windows-x86_64 1.23.2 21.00 147.00 168.00 NOTE
r-patched-linux-x86_64 1.23.2 5.62 112.31 117.93 OK
r-release-linux-x86_64 1.23.2 6.10 108.94 115.04 OK
r-release-macos-arm64 1.23.2 51.00 OK
r-release-macos-x86_64 1.23.2 80.00 OK
r-release-windows-x86_64 1.23.2 18.00 154.00 172.00 OK
r-oldrel-macos-arm64 1.23.2 44.00 OK
r-oldrel-macos-x86_64 1.23.2 47.00 OK
r-oldrel-windows-ix86+x86_64 1.23.2 21.00 166.00 187.00 WARN

Check Details

Version: 1.23.2
Check: package subdirectories
Result: NOTE
    Problems with news in 'NEWS.md':
    No news entries found.
Flavors: r-devel-linux-x86_64-debian-clang, r-devel-linux-x86_64-debian-gcc, r-devel-linux-x86_64-fedora-clang, r-devel-linux-x86_64-fedora-gcc, r-devel-windows-x86_64

Version: 1.23.2
Check: for unstated dependencies in ‘tests’
Result: WARN
    Warning: unable to access index for repository https://bioconductor.org/packages/3.14/bioc/src/contrib:
     cannot open URL 'https://bioconductor.org/packages/3.14/bioc/src/contrib/PACKAGES'
    Warning: unable to access index for repository https://bioconductor.org/packages/3.14/data/annotation/src/contrib:
     cannot open URL 'https://bioconductor.org/packages/3.14/data/annotation/src/contrib/PACKAGES'
    Warning: unable to access index for repository https://bioconductor.org/packages/3.14/data/experiment/src/contrib:
     cannot open URL 'https://bioconductor.org/packages/3.14/data/experiment/src/contrib/PACKAGES'
Flavor: r-oldrel-windows-ix86+x86_64