CRAN Package Check Results for Package regtomean

Last updated on 2022-01-17 09:56:09 CET.

Flavor Version Tinstall Tcheck Ttotal Status Flags
r-devel-linux-x86_64-debian-clang 1.0 11.69 119.33 131.02 OK
r-devel-linux-x86_64-debian-gcc 1.0 8.81 89.74 98.55 OK
r-devel-linux-x86_64-fedora-clang 1.0 159.57 OK
r-devel-linux-x86_64-fedora-gcc 1.0 145.66 OK
r-devel-windows-x86_64-new-UL 1.0 32.00 137.00 169.00 OK
r-devel-windows-x86_64-new-TK 1.0 ERROR
r-patched-linux-x86_64 1.0 12.03 113.10 125.13 OK
r-release-linux-x86_64 1.0 OK
r-release-macos-arm64 1.0 OK
r-release-macos-x86_64 1.0 OK
r-release-windows-ix86+x86_64 1.0 32.00 134.00 166.00 OK
r-oldrel-macos-x86_64 1.0 OK
r-oldrel-windows-ix86+x86_64 1.0 32.00 138.00 170.00 OK

Check Details

Version: 1.0
Check: package dependencies
Result: ERROR
    Package required but not available: 'sjPlot'
    
    See section 'The DESCRIPTION file' in the 'Writing R Extensions'
    manual.
Flavor: r-devel-windows-x86_64-new-TK