CRAN Package Check Results for Package reglogit

Last updated on 2022-12-07 10:50:08 CET.

Flavor Version Tinstall Tcheck Ttotal Status Flags
r-devel-linux-x86_64-debian-clang 1.2-6 10.67 82.18 92.85 WARN
r-devel-linux-x86_64-debian-gcc 1.2-6 7.93 62.00 69.93 WARN
r-devel-linux-x86_64-fedora-clang 1.2-6 113.82 WARN
r-devel-linux-x86_64-fedora-gcc 1.2-6 112.92 WARN
r-devel-windows-x86_64 1.2-6 17.00 97.00 114.00 NOTE
r-patched-linux-x86_64 1.2-6 9.69 78.12 87.81 OK
r-release-linux-x86_64 1.2-6 9.42 78.79 88.21 OK
r-release-macos-arm64 1.2-6 35.00 OK
r-release-macos-x86_64 1.2-6 48.00 OK
r-release-windows-x86_64 1.2-6 25.00 100.00 125.00 OK
r-oldrel-macos-arm64 1.2-6 43.00 OK
r-oldrel-macos-x86_64 1.2-6 67.00 OK
r-oldrel-windows-ix86+x86_64 1.2-6 27.00 116.00 143.00 OK

Check Details

Version: 1.2-6
Check: whether package can be installed
Result: WARN
    Found the following significant warnings:
     init.c:9:28: warning: a function declaration without a prototype is deprecated in all versions of C [-Wstrict-prototypes]
     init.c:13:25: warning: a function declaration without a prototype is deprecated in all versions of C [-Wstrict-prototypes]
Flavors: r-devel-linux-x86_64-debian-clang, r-devel-linux-x86_64-fedora-clang

Version: 1.2-6
Check: Rd files
Result: NOTE
    checkRd: (-1) pima.Rd:24: Escaped LaTeX specials: \^
    checkRd: (-1) reglogit.Rd:120: Escaped LaTeX specials: \&
    checkRd: (-1) reglogit.Rd:124: Escaped LaTeX specials: \&
    checkRd: (-1) reglogit.Rd:136: Escaped LaTeX specials: \&
Flavors: r-devel-linux-x86_64-debian-clang, r-devel-linux-x86_64-debian-gcc, r-devel-linux-x86_64-fedora-clang, r-devel-linux-x86_64-fedora-gcc, r-devel-windows-x86_64

Version: 1.2-6
Check: whether package can be installed
Result: WARN
    Found the following significant warnings:
     init.c:9:1: warning: function declaration isn’t a prototype [-Wstrict-prototypes]
     init.c:13:1: warning: function declaration isn’t a prototype [-Wstrict-prototypes]
Flavors: r-devel-linux-x86_64-debian-gcc, r-devel-linux-x86_64-fedora-gcc

Version: 1.2-6
Check: Rd cross-references
Result: NOTE
    Undeclared package ‘monomvn’ in Rd xrefs
Flavor: r-devel-linux-x86_64-fedora-clang