CRAN Package Check Results for Package regions

Last updated on 2022-12-06 10:52:00 CET.

Flavor Version Tinstall Tcheck Ttotal Status Flags
r-devel-linux-x86_64-debian-clang 0.1.8 9.17 104.51 113.68 OK
r-devel-linux-x86_64-debian-gcc 0.1.8 7.62 81.38 89.00 OK
r-devel-linux-x86_64-fedora-clang 0.1.8 151.67 NOTE
r-devel-linux-x86_64-fedora-gcc 0.1.8 160.37 NOTE
r-devel-windows-x86_64 0.1.8 31.00 156.00 187.00 OK
r-patched-linux-x86_64 0.1.8 10.41 101.56 111.97 OK
r-release-linux-x86_64 0.1.8 9.57 94.49 104.06 OK
r-release-macos-arm64 0.1.8 44.00 NOTE
r-release-macos-x86_64 0.1.8 87.00 NOTE
r-release-windows-x86_64 0.1.8 36.00 158.00 194.00 OK
r-oldrel-macos-arm64 0.1.8 42.00 NOTE
r-oldrel-macos-x86_64 0.1.8 59.00 NOTE
r-oldrel-windows-ix86+x86_64 0.1.8 23.00 140.00 163.00 OK

Check Details

Version: 0.1.8
Check: data for non-ASCII characters
Result: NOTE
     Note: found 2 marked Latin-1 strings
     Note: found 50022 marked UTF-8 strings
Flavors: r-devel-linux-x86_64-fedora-clang, r-devel-linux-x86_64-fedora-gcc, r-release-macos-arm64, r-release-macos-x86_64, r-oldrel-macos-arm64, r-oldrel-macos-x86_64