CRAN Package Check Results for Package regioncode

Last updated on 2022-12-05 09:51:28 CET.

Flavor Version Tinstall Tcheck Ttotal Status Flags
r-devel-linux-x86_64-debian-clang 0.1.1 6.23 68.75 74.98 OK
r-devel-linux-x86_64-debian-gcc 0.1.1 4.08 44.06 48.14 OK
r-devel-linux-x86_64-fedora-clang 0.1.1 91.68 NOTE
r-devel-linux-x86_64-fedora-gcc 0.1.1 99.47 NOTE
r-devel-windows-x86_64 0.1.1 16.00 84.00 100.00 OK
r-patched-linux-x86_64 0.1.1 6.22 55.94 62.16 OK
r-release-linux-x86_64 0.1.1 5.40 56.22 61.62 OK
r-release-macos-arm64 0.1.1 26.00 NOTE
r-release-macos-x86_64 0.1.1 48.00 NOTE
r-release-windows-x86_64 0.1.1 15.00 92.00 107.00 OK
r-oldrel-macos-arm64 0.1.1 29.00 NOTE
r-oldrel-macos-x86_64 0.1.1 36.00 NOTE
r-oldrel-windows-ix86+x86_64 0.1.1 16.00 99.00 115.00 OK

Check Details

Version: 0.1.1
Check: dependencies in R code
Result: NOTE
    Namespaces in Imports field not imported from:
     ‘knitr’ ‘textshaping’
     All declared Imports should be used.
Flavors: r-devel-linux-x86_64-fedora-clang, r-devel-linux-x86_64-fedora-gcc, r-release-macos-arm64, r-release-macos-x86_64, r-oldrel-macos-arm64, r-oldrel-macos-x86_64

Version: 0.1.1
Check: data for non-ASCII characters
Result: NOTE
     Note: found 20 marked UTF-8 strings
Flavors: r-devel-linux-x86_64-fedora-clang, r-devel-linux-x86_64-fedora-gcc, r-release-macos-arm64, r-release-macos-x86_64, r-oldrel-macos-arm64, r-oldrel-macos-x86_64