CRAN Package Check Results for Package recometrics

Last updated on 2022-08-17 10:52:14 CEST.

Flavor Version Tinstall Tcheck Ttotal Status Flags
r-devel-linux-x86_64-debian-clang 0.1.6-1 37.32 116.62 153.94 OK
r-devel-linux-x86_64-debian-gcc 0.1.6-1 OK
r-devel-linux-x86_64-fedora-clang 0.1.6-1 216.13 OK
r-devel-linux-x86_64-fedora-gcc 0.1.6-1 214.15 OK
r-devel-windows-x86_64 0.1.6-1 42.00 161.00 203.00 OK
r-patched-linux-x86_64 0.1.6-1 35.14 111.58 146.72 OK
r-release-linux-x86_64 0.1.6-1 34.64 112.40 147.04 OK
r-release-macos-arm64 0.1.6-1 55.00 OK
r-release-macos-x86_64 0.1.6-1 78.00 OK
r-release-windows-x86_64 0.1.6-1 46.00 163.00 209.00 OK
r-oldrel-macos-arm64 0.1.6-1 51.00 OK
r-oldrel-macos-x86_64 0.1.6-1 77.00 OK
r-oldrel-windows-ix86+x86_64 0.1.6-1 74.00 18.00 92.00 ERROR

Check Details

Version: 0.1.6-1
Check: whether package can be installed
Result: ERROR
    Installation failed.
Flavor: r-oldrel-windows-ix86+x86_64