Last updated on 2023-03-28 10:51:46 CEST.
Flavor | Version | Tinstall | Tcheck | Ttotal | Status | Flags |
---|---|---|---|---|---|---|
r-devel-linux-x86_64-debian-clang | 0.2.1 | 4.39 | 38.45 | 42.84 | OK | |
r-devel-linux-x86_64-debian-gcc | 0.2.1 | 3.56 | 28.13 | 31.69 | OK | |
r-devel-linux-x86_64-fedora-clang | 0.2.1 | 49.62 | NOTE | |||
r-devel-linux-x86_64-fedora-gcc | 0.2.1 | 49.00 | OK | |||
r-patched-linux-x86_64 | 0.2.1 | 3.52 | 33.95 | 37.47 | OK | |
r-release-linux-x86_64 | 0.2.1 | 3.04 | 36.00 | 39.04 | OK | |
r-release-macos-arm64 | 0.2.1 | 18.00 | NOTE | |||
r-release-macos-x86_64 | 0.2.1 | 29.00 | NOTE | |||
r-release-windows-x86_64 | 0.2.1 | 436.00 | 146.00 | 582.00 | NOTE | |
r-oldrel-macos-arm64 | 0.2.1 | 22.00 | NOTE | |||
r-oldrel-macos-x86_64 | 0.2.1 | 32.00 | NOTE | |||
r-oldrel-windows-ix86+x86_64 | 0.2.1 | 11.00 | 67.00 | 78.00 | NOTE |
Version: 0.2.1
Check: package dependencies
Result: NOTE
Package suggested but not available for checking: ‘opencv’
Flavor: r-devel-linux-x86_64-fedora-clang
Version: 0.2.1
Check: installed package size
Result: NOTE
installed size is 10.4Mb
sub-directories of 1Mb or more:
htmlwidgets 9.9Mb
Flavors: r-devel-linux-x86_64-fedora-clang, r-release-macos-arm64, r-release-macos-x86_64, r-release-windows-x86_64, r-oldrel-macos-arm64, r-oldrel-macos-x86_64, r-oldrel-windows-ix86+x86_64