Last updated on 2023-04-01 10:50:11 CEST.
Flavor | Version | Tinstall | Tcheck | Ttotal | Status | Flags |
---|---|---|---|---|---|---|
r-devel-linux-x86_64-debian-clang | 1.0.11 | 24.44 | 168.48 | 192.92 | NOTE | |
r-devel-linux-x86_64-debian-gcc | 1.0.11 | 20.82 | 127.52 | 148.34 | NOTE | |
r-devel-linux-x86_64-fedora-clang | 1.0.11 | 246.86 | NOTE | |||
r-devel-linux-x86_64-fedora-gcc | 1.0.11 | 238.44 | NOTE | |||
r-patched-linux-x86_64 | 1.0.11 | 23.85 | 162.77 | 186.62 | NOTE | |
r-release-linux-x86_64 | 1.0.11 | 23.29 | 157.36 | 180.65 | OK | |
r-release-macos-arm64 | 1.0.11 | 41.00 | NOTE | |||
r-release-macos-x86_64 | 1.0.11 | 65.00 | NOTE | |||
r-release-windows-x86_64 | 1.0.11 | 39.00 | 222.00 | 261.00 | OK | |
r-oldrel-macos-arm64 | 1.0.11 | 36.00 | NOTE | |||
r-oldrel-macos-x86_64 | 1.0.11 | 62.00 | NOTE | |||
r-oldrel-windows-ix86+x86_64 | 1.0.11 | 60.00 | 306.00 | 366.00 | OK |
Version: 1.0.11
Check: C++ specification
Result: NOTE
Specified C++11: please drop specification unless essential
Flavors: r-devel-linux-x86_64-debian-clang, r-devel-linux-x86_64-debian-gcc, r-devel-linux-x86_64-fedora-clang, r-devel-linux-x86_64-fedora-gcc, r-patched-linux-x86_64
Version: 1.0.11
Check: data for non-ASCII characters
Result: NOTE
Note: found 1036 marked UTF-8 strings
Flavors: r-devel-linux-x86_64-fedora-clang, r-devel-linux-x86_64-fedora-gcc, r-release-macos-arm64, r-release-macos-x86_64, r-oldrel-macos-arm64, r-oldrel-macos-x86_64