CRAN Package Check Results for Package recipes

Last updated on 2022-10-01 10:52:03 CEST.

Flavor Version Tinstall Tcheck Ttotal Status Flags
r-devel-linux-x86_64-debian-clang 1.0.1 30.60 420.53 451.13 OK
r-devel-linux-x86_64-debian-gcc 1.0.1 21.85 307.43 329.28 OK
r-devel-linux-x86_64-fedora-clang 1.0.1 557.62 NOTE
r-devel-linux-x86_64-fedora-gcc 1.0.1 542.68 OK
r-devel-windows-x86_64 1.0.1 190.00 415.00 605.00 OK
r-patched-linux-x86_64 1.0.1 42.71 379.92 422.63 OK
r-release-linux-x86_64 1.0.1 19.66 386.51 406.17 OK
r-release-macos-arm64 1.0.1 144.00 OK
r-release-macos-x86_64 1.0.1 178.00 OK
r-release-windows-x86_64 1.0.1 135.00 470.00 605.00 OK
r-oldrel-macos-arm64 1.0.1 132.00 OK
r-oldrel-macos-x86_64 1.0.1 191.00 OK
r-oldrel-windows-ix86+x86_64 1.0.1 51.00 476.00 527.00 OK

Check Details

Version: 1.0.1
Check: Rd cross-references
Result: NOTE
    Undeclared packages ‘fastICA’, ‘dimRed’ in Rd xrefs
Flavor: r-devel-linux-x86_64-fedora-clang