CRAN Package Check Results for Package recexcavAAR

Last updated on 2022-12-05 09:51:28 CET.

Flavor Version Tinstall Tcheck Ttotal Status Flags
r-devel-linux-x86_64-debian-clang 0.3.0 71.16 68.80 139.96 OK
r-devel-linux-x86_64-debian-gcc 0.3.0 61.24 54.83 116.07 OK
r-devel-linux-x86_64-fedora-clang 0.3.0 215.67 OK
r-devel-linux-x86_64-fedora-gcc 0.3.0 208.64 OK
r-devel-windows-x86_64 0.3.0 86.00 131.00 217.00 OK
r-patched-linux-x86_64 0.3.0 59.87 68.51 128.38 OK
r-release-linux-x86_64 0.3.0 60.36 64.06 124.42 OK
r-release-macos-arm64 0.3.0 49.00 NOTE
r-release-macos-x86_64 0.3.0 72.00 NOTE
r-release-windows-x86_64 0.3.0 72.00 133.00 205.00 OK
r-oldrel-macos-arm64 0.3.0 58.00 NOTE
r-oldrel-macos-x86_64 0.3.0 78.00 NOTE
r-oldrel-windows-ix86+x86_64 0.3.0 181.00 131.00 312.00 NOTE

Check Details

Version: 0.3.0
Check: installed package size
Result: NOTE
     installed size is 5.2Mb
     sub-directories of 1Mb or more:
     doc 2.5Mb
     libs 2.6Mb
Flavors: r-release-macos-arm64, r-release-macos-x86_64, r-oldrel-macos-arm64, r-oldrel-macos-x86_64, r-oldrel-windows-ix86+x86_64