CRAN Package Check Results for Package readtextgrid

Last updated on 2022-12-03 10:51:29 CET.

Flavor Version Tinstall Tcheck Ttotal Status Flags
r-devel-linux-x86_64-debian-clang 0.1.1 2.05 28.45 30.50 NOTE
r-devel-linux-x86_64-debian-gcc 0.1.1 1.85 21.98 23.83 NOTE
r-devel-linux-x86_64-fedora-clang 0.1.1 47.49 NOTE
r-devel-linux-x86_64-fedora-gcc 0.1.1 45.95 NOTE
r-devel-windows-x86_64 0.1.1 17.00 56.00 73.00 NOTE
r-patched-linux-x86_64 0.1.1 1.44 27.01 28.45 NOTE
r-release-linux-x86_64 0.1.1 1.73 26.95 28.68 NOTE
r-release-macos-arm64 0.1.1 17.00 NOTE
r-release-macos-x86_64 0.1.1 30.00 NOTE
r-release-windows-x86_64 0.1.1 22.00 57.00 79.00 NOTE
r-oldrel-macos-arm64 0.1.1 18.00 NOTE
r-oldrel-macos-x86_64 0.1.1 25.00 NOTE
r-oldrel-windows-ix86+x86_64 0.1.1 7.00 51.00 58.00 NOTE

Check Details

Version: 0.1.1
Check: LazyData
Result: NOTE
     'LazyData' is specified without a 'data' directory
Flavors: r-devel-linux-x86_64-debian-clang, r-devel-linux-x86_64-debian-gcc, r-devel-linux-x86_64-fedora-clang, r-devel-linux-x86_64-fedora-gcc, r-devel-windows-x86_64, r-patched-linux-x86_64, r-release-linux-x86_64, r-release-macos-arm64, r-release-macos-x86_64, r-release-windows-x86_64, r-oldrel-macos-arm64, r-oldrel-macos-x86_64, r-oldrel-windows-ix86+x86_64