CRAN Package Check Results for Package readr

Last updated on 2024-02-23 10:51:35 CET.

Flavor Version Tinstall Tcheck Ttotal Status Flags
r-devel-linux-x86_64-debian-clang 2.1.5 OK
r-devel-linux-x86_64-debian-gcc 2.1.5 63.85 91.08 154.93 OK
r-devel-linux-x86_64-fedora-clang 2.1.5 270.17 NOTE
r-devel-linux-x86_64-fedora-gcc 2.1.5 293.24 OK
r-devel-windows-x86_64 2.1.5 71.00 150.00 221.00 OK
r-patched-linux-x86_64 2.1.5 89.69 117.15 206.84 OK
r-release-linux-x86_64 2.1.5 76.74 114.76 191.50 OK
r-release-macos-arm64 2.1.5 88.00 NOTE
r-release-macos-x86_64 2.1.5 130.00 NOTE
r-release-windows-x86_64 2.1.5 89.00 173.00 262.00 OK
r-oldrel-macos-arm64 2.1.5 73.00 NOTE
r-oldrel-windows-x86_64 2.1.5 82.00 160.00 242.00 OK

Check Details

Version: 2.1.5
Check: Rd cross-references
Result: NOTE Undeclared packages ‘tidyselect’, ‘vctrs’ in Rd xrefs Flavor: r-devel-linux-x86_64-fedora-clang

Version: 2.1.5
Check: installed package size
Result: NOTE installed size is 5.4Mb sub-directories of 1Mb or more: libs 4.5Mb Flavors: r-release-macos-arm64, r-release-macos-x86_64, r-oldrel-macos-arm64