CRAN Package Check Results for Package rdtLite

Last updated on 2023-02-02 10:00:03 CET.

Flavor Version Tinstall Tcheck Ttotal Status Flags
r-devel-linux-x86_64-debian-clang 1.4 8.43 44.74 53.17 OK
r-devel-linux-x86_64-debian-gcc 1.4 5.88 34.31 40.19 OK
r-devel-linux-x86_64-fedora-clang 1.4 66.77 NOTE
r-devel-linux-x86_64-fedora-gcc 1.4 79.33 NOTE
r-devel-windows-x86_64 1.4 60.00 72.00 132.00 WARN
r-patched-linux-x86_64 1.4 7.32 43.44 50.76 OK
r-release-linux-x86_64 1.4 5.30 44.43 49.73 OK
r-release-macos-arm64 1.4 23.00 NOTE
r-release-macos-x86_64 1.4 32.00 NOTE
r-release-windows-x86_64 1.4 12.00 77.00 89.00 OK
r-oldrel-macos-arm64 1.4 23.00 NOTE
r-oldrel-macos-x86_64 1.4 32.00 NOTE
r-oldrel-windows-ix86+x86_64 1.4 13.00 67.00 80.00 OK

Check Details

Version: 1.4
Check: dependencies in R code
Result: NOTE
    Namespace in Imports field not imported from: ‘gtools’
     All declared Imports should be used.
Flavors: r-devel-linux-x86_64-fedora-clang, r-devel-linux-x86_64-fedora-gcc, r-release-macos-arm64, r-release-macos-x86_64, r-oldrel-macos-arm64, r-oldrel-macos-x86_64

Version: 1.4
Check: for code/documentation mismatches
Result: WARN
    During startup - Warning message:
    package 'stats' in options("defaultPackages") was not found
Flavor: r-devel-windows-x86_64