Last updated on 2023-03-25 09:51:36 CET.
Flavor | Version | Tinstall | Tcheck | Ttotal | Status | Flags |
---|---|---|---|---|---|---|
r-devel-linux-x86_64-debian-clang | 1.0.0 | 4.47 | 45.74 | 50.21 | OK | |
r-devel-linux-x86_64-debian-gcc | 1.0.0 | 3.35 | 35.04 | 38.39 | OK | |
r-devel-linux-x86_64-fedora-clang | 1.0.0 | 64.16 | OK | |||
r-devel-linux-x86_64-fedora-gcc | 1.0.0 | 58.84 | OK | |||
r-patched-linux-x86_64 | 1.0.0 | 4.14 | 41.69 | 45.83 | OK | |
r-release-linux-x86_64 | 1.0.0 | 3.79 | 42.16 | 45.95 | OK | |
r-release-macos-arm64 | 1.0.0 | 20.00 | OK | |||
r-release-macos-x86_64 | 1.0.0 | 32.00 | OK | |||
r-release-windows-x86_64 | 1.0.0 | 23.00 | 74.00 | 97.00 | OK | |
r-oldrel-macos-arm64 | 1.0.0 | 23.00 | OK | |||
r-oldrel-macos-x86_64 | 1.0.0 | 41.00 | OK | |||
r-oldrel-windows-ix86+x86_64 | 1.0.0 | 11.00 | 69.00 | 80.00 | NOTE |
Version: 1.0.0
Check: R code for possible problems
Result: NOTE
Initiating curl with CURL_SSL_BACKEND: openssl
Flavor: r-oldrel-windows-ix86+x86_64