CRAN Package Check Results for Package rddtools

Last updated on 2022-11-28 09:50:54 CET.

Flavor Version Tinstall Tcheck Ttotal Status Flags
r-devel-linux-x86_64-debian-clang 1.6.0 15.80 174.81 190.61 OK
r-devel-linux-x86_64-debian-gcc 1.6.0 12.05 128.42 140.47 OK
r-devel-linux-x86_64-fedora-clang 1.6.0 241.41 NOTE
r-devel-linux-x86_64-fedora-gcc 1.6.0 235.93 NOTE
r-devel-windows-x86_64 1.6.0 47.00 201.00 248.00 OK
r-patched-linux-x86_64 1.6.0 22.95 164.99 187.94 OK
r-release-linux-x86_64 1.6.0 15.75 159.81 175.56 OK
r-release-macos-arm64 1.6.0 70.00 NOTE
r-release-macos-x86_64 1.6.0 113.00 NOTE
r-release-windows-x86_64 1.6.0 49.00 198.00 247.00 OK
r-oldrel-macos-arm64 1.6.0 60.00 NOTE
r-oldrel-macos-x86_64 1.6.0 103.00 NOTE
r-oldrel-windows-ix86+x86_64 1.6.0 36.00 189.00 225.00 OK

Check Details

Version: 1.6.0
Check: dependencies in R code
Result: NOTE
    Namespace in Imports field not imported from: ‘rmarkdown’
     All declared Imports should be used.
Flavors: r-devel-linux-x86_64-fedora-clang, r-devel-linux-x86_64-fedora-gcc, r-release-macos-arm64, r-release-macos-x86_64, r-oldrel-macos-arm64, r-oldrel-macos-x86_64