CRAN Package Check Results for Package rcrimeanalysis

Last updated on 2022-01-18 10:17:26 CET.

Flavor Version Tinstall Tcheck Ttotal Status Flags
r-devel-linux-x86_64-debian-clang 0.4.2 33.77 312.18 345.95 OK
r-devel-linux-x86_64-debian-gcc 0.4.2 30.15 235.20 265.35 OK
r-devel-linux-x86_64-fedora-clang 0.4.2 417.97 NOTE
r-devel-linux-x86_64-fedora-gcc 0.4.2 403.53 NOTE
r-devel-windows-x86_64-new-UL 0.4.2 62.00 297.00 359.00 OK
r-devel-windows-x86_64-new-TK 0.4.2 NOTE
r-patched-linux-x86_64 0.4.2 24.37 301.29 325.66 OK
r-release-linux-x86_64 0.4.2 OK
r-release-macos-arm64 0.4.2 NOTE
r-release-macos-x86_64 0.4.2 NOTE
r-release-windows-ix86+x86_64 0.4.2 72.00 324.00 396.00 OK
r-oldrel-macos-x86_64 0.4.2 NOTE
r-oldrel-windows-ix86+x86_64 0.4.2 74.00 336.00 410.00 OK

Check Details

Version: 0.4.2
Check: dependencies in R code
Result: NOTE
    Namespaces in Imports field not imported from:
     ‘Rcpp’ ‘dplyr’
     All declared Imports should be used.
Flavors: r-devel-linux-x86_64-fedora-clang, r-devel-linux-x86_64-fedora-gcc, r-devel-windows-x86_64-new-TK, r-release-macos-arm64, r-release-macos-x86_64, r-oldrel-macos-x86_64