CRAN Package Check Results for Package rcorpora

Last updated on 2023-01-31 10:52:19 CET.

Flavor Version Tinstall Tcheck Ttotal Status Flags
r-devel-linux-x86_64-debian-clang 2.0.0 5.27 25.68 30.95 OK
r-devel-linux-x86_64-debian-gcc 2.0.0 3.65 20.28 23.93 OK
r-devel-linux-x86_64-fedora-clang 2.0.0 38.10 NOTE
r-devel-linux-x86_64-fedora-gcc 2.0.0 36.44 OK
r-devel-windows-x86_64 2.0.0 104.00 61.00 165.00 NOTE
r-patched-linux-x86_64 2.0.0 5.05 25.37 30.42 OK
r-release-linux-x86_64 2.0.0 4.45 25.43 29.88 OK
r-release-macos-arm64 2.0.0 17.00 NOTE
r-release-macos-x86_64 2.0.0 25.00 NOTE
r-release-windows-x86_64 2.0.0 365.00 62.00 427.00 NOTE
r-oldrel-macos-arm64 2.0.0 19.00 NOTE
r-oldrel-macos-x86_64 2.0.0 34.00 NOTE
r-oldrel-windows-ix86+x86_64 2.0.0 10.00 51.00 61.00 NOTE

Check Details

Version: 2.0.0
Check: installed package size
Result: NOTE
     installed size is 7.8Mb
     sub-directories of 1Mb or more:
     corpora 7.6Mb
Flavors: r-devel-linux-x86_64-fedora-clang, r-devel-windows-x86_64, r-release-macos-arm64, r-release-macos-x86_64, r-release-windows-x86_64, r-oldrel-macos-arm64, r-oldrel-macos-x86_64, r-oldrel-windows-ix86+x86_64