Last updated on 2023-02-01 10:51:58 CET.
Flavor | Version | Tinstall | Tcheck | Ttotal | Status | Flags |
---|---|---|---|---|---|---|
r-devel-linux-x86_64-debian-clang | 1.0 | 7.14 | 62.11 | 69.25 | OK | |
r-devel-linux-x86_64-debian-gcc | 1.0 | 5.66 | 46.73 | 52.39 | OK | |
r-devel-linux-x86_64-fedora-clang | 1.0 | 90.11 | NOTE | |||
r-devel-linux-x86_64-fedora-gcc | 1.0 | 98.53 | OK | |||
r-devel-windows-x86_64 | 1.0 | 50.00 | 103.00 | 153.00 | OK | |
r-patched-linux-x86_64 | 1.0 | 8.01 | 57.82 | 65.83 | OK | |
r-release-linux-x86_64 | 1.0 | 5.82 | 55.62 | 61.44 | OK | |
r-release-macos-arm64 | 1.0 | 31.00 | OK | |||
r-release-macos-x86_64 | 1.0 | 55.00 | OK | |||
r-release-windows-x86_64 | 1.0 | 72.00 | 107.00 | 179.00 | OK | |
r-oldrel-macos-arm64 | 1.0 | 30.00 | OK | |||
r-oldrel-macos-x86_64 | 1.0 | 41.00 | OK | |||
r-oldrel-windows-ix86+x86_64 | 1.0 | 19.00 | 85.00 | 104.00 | OK |
Version: 1.0
Check: Rd cross-references
Result: NOTE
Undeclared package ‘remotes’ in Rd xrefs
Flavor: r-devel-linux-x86_64-fedora-clang