CRAN Package Check Results for Package rasterdiv

Last updated on 2022-01-18 10:17:25 CET.

Flavor Version Tinstall Tcheck Ttotal Status Flags
r-devel-linux-x86_64-debian-clang 0.2-3 29.84 653.41 683.25 OK
r-devel-linux-x86_64-debian-gcc 0.2-3 26.73 458.09 484.82 OK
r-devel-linux-x86_64-fedora-clang 0.2-3 807.12 OK
r-devel-linux-x86_64-fedora-gcc 0.2-3 804.74 OK
r-devel-windows-x86_64-new-UL 0.2-3 79.00 620.00 699.00 OK
r-devel-windows-x86_64-new-TK 0.2-3 OK
r-patched-linux-x86_64 0.2-3 28.44 624.47 652.91 OK
r-release-linux-x86_64 0.2-3 OK
r-release-macos-arm64 0.2-3 NOTE
r-release-macos-x86_64 0.2-3 OK
r-release-windows-ix86+x86_64 0.2-3 62.00 758.00 820.00 OK
r-oldrel-macos-x86_64 0.2-3 OK
r-oldrel-windows-ix86+x86_64 0.2-3 65.00 785.00 850.00 OK

Check Details

Version: 0.2-3
Check: installed package size
Result: NOTE
     installed size is 5.1Mb
     sub-directories of 1Mb or more:
     data 4.1Mb
Flavor: r-release-macos-arm64