CRAN Package Check Results for Package rasterVis

Last updated on 2021-12-06 09:53:38 CET.

Flavor Version Tinstall Tcheck Ttotal Status Flags
r-devel-linux-x86_64-debian-clang 0.51.1 27.88 239.66 267.54 OK
r-devel-linux-x86_64-debian-gcc 0.51.1 24.44 179.30 203.74 OK
r-devel-linux-x86_64-fedora-clang 0.51.1 318.27 OK
r-devel-linux-x86_64-fedora-gcc 0.51.1 309.25 OK
r-devel-windows-x86_64-new-UL 0.51.1 41.00 263.00 304.00 OK
r-devel-windows-x86_64-new-TK 0.51.1 OK
r-devel-windows-x86_64-old 0.51.1 37.00 187.00 224.00 OK
r-patched-linux-x86_64 0.51.1 29.47 223.18 252.65 OK
r-release-linux-x86_64 0.51.1 23.33 233.89 257.22 OK
r-release-macos-arm64 0.51.1 NOTE
r-release-macos-x86_64 0.51.1 OK
r-release-windows-ix86+x86_64 0.51.1 57.00 259.00 316.00 OK
r-oldrel-macos-x86_64 0.51.1 OK
r-oldrel-windows-ix86+x86_64 0.51.1 59.00 270.00 329.00 OK

Check Details

Version: 0.51.1
Check: Rd cross-references
Result: NOTE
    Package unavailable to check Rd xrefs: ‘rgl’
Flavor: r-release-macos-arm64