CRAN Package Check Results for Package rapsimng

Last updated on 2022-12-07 10:50:07 CET.

Flavor Version Tinstall Tcheck Ttotal Status Flags
r-devel-linux-x86_64-debian-clang 0.3.0 5.38 54.61 59.99 OK
r-devel-linux-x86_64-debian-gcc 0.3.0 3.10 41.04 44.14 OK
r-devel-linux-x86_64-fedora-clang 0.3.0 83.48 NOTE
r-devel-linux-x86_64-fedora-gcc 0.3.0 90.89 NOTE
r-devel-windows-x86_64 0.3.0 17.00 86.00 103.00 OK
r-patched-linux-x86_64 0.3.0 4.19 52.07 56.26 OK
r-release-linux-x86_64 0.3.0 4.23 49.09 53.32 OK
r-release-macos-arm64 0.3.0 25.00 NOTE
r-release-macos-x86_64 0.3.0 47.00 NOTE
r-release-windows-x86_64 0.3.0 14.00 87.00 101.00 OK
r-oldrel-macos-arm64 0.3.0 28.00 NOTE
r-oldrel-macos-x86_64 0.3.0 34.00 NOTE
r-oldrel-windows-ix86+x86_64 0.3.0 12.00 78.00 90.00 OK

Check Details

Version: 0.3.0
Check: dependencies in R code
Result: NOTE
    Namespaces in Imports field not imported from:
     ‘dplyr’ ‘tidyr’
     All declared Imports should be used.
Flavors: r-devel-linux-x86_64-fedora-clang, r-devel-linux-x86_64-fedora-gcc, r-release-macos-arm64, r-release-macos-x86_64, r-oldrel-macos-arm64, r-oldrel-macos-x86_64