CRAN Package Check Results for Package rangeModelMetadata

Last updated on 2022-05-21 10:50:23 CEST.

Flavor Version Tinstall Tcheck Ttotal Status Flags
r-devel-linux-x86_64-debian-clang 0.1.4 3.82 85.04 88.86 NOTE
r-devel-linux-x86_64-debian-gcc 0.1.4 3.10 62.49 65.59 NOTE
r-devel-linux-x86_64-fedora-clang 0.1.4 102.84 NOTE
r-devel-linux-x86_64-fedora-gcc 0.1.4 100.15 NOTE
r-devel-windows-x86_64 0.1.4 65.00 106.00 171.00 OK
r-patched-linux-x86_64 0.1.4 4.17 79.43 83.60 NOTE
r-release-linux-x86_64 0.1.4 2.51 79.69 82.20 NOTE
r-release-macos-arm64 0.1.4 36.00 NOTE
r-release-macos-x86_64 0.1.4 55.00 NOTE
r-release-windows-x86_64 0.1.4 120.00 113.00 233.00 OK
r-oldrel-macos-arm64 0.1.4 34.00 NOTE
r-oldrel-macos-x86_64 0.1.4 38.00 NOTE
r-oldrel-windows-ix86+x86_64 0.1.4 10.00 108.00 118.00 OK

Check Details

Version: 0.1.4
Check: package dependencies
Result: NOTE
    Package suggested but not available for checking: 'googlesheets'
Flavors: r-devel-linux-x86_64-debian-clang, r-devel-linux-x86_64-debian-gcc, r-devel-linux-x86_64-fedora-clang, r-devel-linux-x86_64-fedora-gcc, r-patched-linux-x86_64, r-release-linux-x86_64, r-release-macos-x86_64

Version: 0.1.4
Check: dependencies in R code
Result: NOTE
    Namespaces in Imports field not imported from:
     ‘MASS’ ‘dplyr’ ‘jsonlite’ ‘rgbif’ ‘rgdal’ ‘rgeos’ ‘sp’ ‘spThin’
     ‘spatstat’
     All declared Imports should be used.
Flavors: r-devel-linux-x86_64-fedora-clang, r-devel-linux-x86_64-fedora-gcc, r-release-macos-arm64, r-release-macos-x86_64, r-oldrel-macos-arm64, r-oldrel-macos-x86_64