CRAN Package Check Results for Package randgeo

Last updated on 2023-06-01 10:58:26 CEST.

Flavor Version Tinstall Tcheck Ttotal Status Flags
r-devel-linux-x86_64-debian-clang 0.3.0 1.96 27.25 29.21 NOTE
r-devel-linux-x86_64-debian-gcc 0.3.0 1.90 21.58 23.48 NOTE
r-devel-linux-x86_64-fedora-clang 0.3.0 37.88 NOTE
r-devel-linux-x86_64-fedora-gcc 0.3.0 47.70 NOTE
r-devel-windows-x86_64 0.3.0 3.00 47.00 50.00 NOTE
r-patched-linux-x86_64 0.3.0 NOTE
r-release-linux-x86_64 0.3.0 2.53 26.67 29.20 NOTE
r-release-macos-arm64 0.3.0 23.00 NOTE
r-release-macos-x86_64 0.3.0 33.00 NOTE
r-release-windows-x86_64 0.3.0 3.00 47.00 50.00 NOTE
r-oldrel-macos-arm64 0.3.0 19.00 NOTE
r-oldrel-macos-x86_64 0.3.0 24.00 NOTE
r-oldrel-windows-x86_64 0.3.0 3.00 48.00 51.00 NOTE

Check Details

Version: 0.3.0
Check: LazyData
Result: NOTE
     'LazyData' is specified without a 'data' directory
Flavors: r-devel-linux-x86_64-debian-clang, r-devel-linux-x86_64-debian-gcc, r-devel-linux-x86_64-fedora-clang, r-devel-linux-x86_64-fedora-gcc, r-devel-windows-x86_64, r-patched-linux-x86_64, r-release-linux-x86_64, r-release-macos-arm64, r-release-macos-x86_64, r-release-windows-x86_64, r-oldrel-macos-arm64, r-oldrel-macos-x86_64, r-oldrel-windows-x86_64