CRAN Package Check Results for Package rameritrade

Last updated on 2022-12-09 10:00:31 CET.

Flavor Version Tinstall Tcheck Ttotal Status Flags
r-devel-linux-x86_64-debian-clang 0.1.5 2.39 27.20 29.59 NOTE
r-devel-linux-x86_64-debian-gcc 0.1.5 2.32 21.90 24.22 NOTE
r-devel-linux-x86_64-fedora-clang 0.1.5 47.60 NOTE
r-devel-linux-x86_64-fedora-gcc 0.1.5 44.97 NOTE
r-devel-windows-x86_64 0.1.5 15.00 58.00 73.00 NOTE
r-patched-linux-x86_64 0.1.5 3.25 25.31 28.56 NOTE
r-release-linux-x86_64 0.1.5 2.75 24.37 27.12 NOTE
r-release-macos-arm64 0.1.5 17.00 NOTE
r-release-macos-x86_64 0.1.5 27.00 NOTE
r-release-windows-x86_64 0.1.5 21.00 55.00 76.00 NOTE
r-oldrel-macos-arm64 0.1.5 21.00 NOTE
r-oldrel-macos-x86_64 0.1.5 22.00 NOTE
r-oldrel-windows-ix86+x86_64 0.1.5 7.00 51.00 58.00 NOTE

Check Details

Version: 0.1.5
Check: LazyData
Result: NOTE
     'LazyData' is specified without a 'data' directory
Flavors: r-devel-linux-x86_64-debian-clang, r-devel-linux-x86_64-debian-gcc, r-devel-linux-x86_64-fedora-clang, r-devel-linux-x86_64-fedora-gcc, r-devel-windows-x86_64, r-patched-linux-x86_64, r-release-linux-x86_64, r-release-macos-arm64, r-release-macos-x86_64, r-release-windows-x86_64, r-oldrel-macos-arm64, r-oldrel-macos-x86_64, r-oldrel-windows-ix86+x86_64