CRAN Package Check Results for Package rakeR

Last updated on 2022-11-29 09:52:23 CET.

Flavor Version Tinstall Tcheck Ttotal Status Flags
r-devel-linux-x86_64-debian-clang 0.2.1 2.30 35.99 38.29 NOTE
r-devel-linux-x86_64-debian-gcc 0.2.1 1.79 28.02 29.81 NOTE
r-devel-linux-x86_64-fedora-clang 0.2.1 56.58 NOTE
r-devel-linux-x86_64-fedora-gcc 0.2.1 54.13 NOTE
r-devel-windows-x86_64 0.2.1 13.00 65.00 78.00 NOTE
r-patched-linux-x86_64 0.2.1 1.94 33.43 35.37 NOTE
r-release-linux-x86_64 0.2.1 1.54 34.07 35.61 NOTE
r-release-macos-arm64 0.2.1 19.00 NOTE
r-release-macos-x86_64 0.2.1 27.00 NOTE
r-release-windows-x86_64 0.2.1 13.00 65.00 78.00 NOTE
r-oldrel-macos-arm64 0.2.1 22.00 NOTE
r-oldrel-macos-x86_64 0.2.1 31.00 NOTE
r-oldrel-windows-ix86+x86_64 0.2.1 5.00 59.00 64.00 NOTE

Check Details

Version: 0.2.1
Check: LazyData
Result: NOTE
     'LazyData' is specified without a 'data' directory
Flavors: r-devel-linux-x86_64-debian-clang, r-devel-linux-x86_64-debian-gcc, r-devel-linux-x86_64-fedora-clang, r-devel-linux-x86_64-fedora-gcc, r-devel-windows-x86_64, r-patched-linux-x86_64, r-release-linux-x86_64, r-release-macos-arm64, r-release-macos-x86_64, r-release-windows-x86_64, r-oldrel-macos-arm64, r-oldrel-macos-x86_64, r-oldrel-windows-ix86+x86_64