CRAN Package Check Results for Package ragtop

Last updated on 2022-09-28 09:54:27 CEST.

Flavor Version Tinstall Tcheck Ttotal Status Flags
r-devel-linux-x86_64-debian-clang 1.1.1 8.36 602.10 610.46 OK
r-devel-linux-x86_64-debian-gcc 1.1.1 3.87 440.68 444.55 OK
r-devel-linux-x86_64-fedora-clang 1.1.1 715.14 OK
r-devel-linux-x86_64-fedora-gcc 1.1.1 693.96 OK
r-devel-windows-x86_64 1.1.1 32.00 568.00 600.00 OK
r-patched-linux-x86_64 1.1.1 7.04 565.79 572.83 OK
r-release-linux-x86_64 1.1.1 6.12 568.33 574.45 OK
r-release-macos-arm64 1.1.1 202.00 ERROR
r-release-macos-x86_64 1.1.1 231.00 OK
r-release-windows-x86_64 1.1.1 42.00 581.00 623.00 OK
r-oldrel-macos-arm64 1.1.1 193.00 WARN
r-oldrel-macos-x86_64 1.1.1 304.00 OK
r-oldrel-windows-ix86+x86_64 1.1.1 16.00 646.00 662.00 OK

Check Details

Version: 1.1.1
Check: re-building of vignette outputs
Result: ERROR
    Error(s) in re-building vignettes:
     ...
    --- re-building ‘ragtop_convertibles_in_r.Rmd’ using rmarkdown
    Warning: Removed 39 row(s) containing missing values (geom_path).
    Quitting from lines 425-461 (ragtop_convertibles_in_r.Rmd)
    Error: processing vignette 'ragtop_convertibles_in_r.Rmd' failed with diagnostics:
    argument is of length zero
    --- failed re-building ‘ragtop_convertibles_in_r.Rmd’
    
    SUMMARY: processing the following file failed:
     ‘ragtop_convertibles_in_r.Rmd’
    
    Error: Vignette re-building failed.
    Execution halted
Flavor: r-release-macos-arm64

Version: 1.1.1
Check: re-building of vignette outputs
Result: WARN
    Error(s) in re-building vignettes:
     ...
    --- re-building ‘ragtop_convertibles_in_r.Rmd’ using rmarkdown
    Warning: Removed 39 row(s) containing missing values (geom_path).
    Quitting from lines 425-461 (ragtop_convertibles_in_r.Rmd)
    Error: processing vignette 'ragtop_convertibles_in_r.Rmd' failed with diagnostics:
    argument is of length zero
    --- failed re-building ‘ragtop_convertibles_in_r.Rmd’
    
    SUMMARY: processing the following file failed:
     ‘ragtop_convertibles_in_r.Rmd’
    
    Error: Vignette re-building failed.
    Execution halted
Flavor: r-oldrel-macos-arm64