CRAN Package Check Results for Package rags2ridges

Last updated on 2022-12-06 10:52:00 CET.

Flavor Version Tinstall Tcheck Ttotal Status Flags
r-devel-linux-x86_64-debian-clang 2.2.6 68.07 295.19 363.26 OK
r-devel-linux-x86_64-debian-gcc 2.2.6 55.81 220.71 276.52 OK
r-devel-linux-x86_64-fedora-clang 2.2.6 498.32 OK
r-devel-linux-x86_64-fedora-gcc 2.2.6 465.09 OK
r-devel-windows-x86_64 2.2.6 113.00 356.00 469.00 OK
r-patched-linux-x86_64 2.2.6 64.73 279.06 343.79 OK
r-release-linux-x86_64 2.2.6 48.14 277.69 325.83 OK
r-release-macos-arm64 2.2.6 115.00 NOTE
r-release-macos-x86_64 2.2.6 157.00 NOTE
r-release-windows-x86_64 2.2.6 117.00 356.00 473.00 OK
r-oldrel-macos-arm64 2.2.6 93.00 NOTE
r-oldrel-macos-x86_64 2.2.6 147.00 NOTE
r-oldrel-windows-ix86+x86_64 2.2.6 153.00 489.00 642.00 OK

Check Details

Version: 2.2.6
Check: installed package size
Result: NOTE
     installed size is 5.9Mb
     sub-directories of 1Mb or more:
     libs 4.7Mb
Flavors: r-release-macos-arm64, r-release-macos-x86_64, r-oldrel-macos-arm64, r-oldrel-macos-x86_64