CRAN Package Check Results for Package ragg

Last updated on 2022-10-06 10:53:13 CEST.

Flavor Version Tinstall Tcheck Ttotal Status Flags
r-devel-linux-x86_64-debian-clang 1.2.3 118.78 32.05 150.83 OK
r-devel-linux-x86_64-debian-gcc 1.2.3 123.13 25.20 148.33 OK
r-devel-linux-x86_64-fedora-clang 1.2.3 225.56 OK
r-devel-linux-x86_64-fedora-gcc 1.2.3 254.35 OK
r-devel-windows-x86_64 1.2.3 186.00 92.00 278.00 OK
r-patched-linux-x86_64 1.2.3 118.21 30.76 148.97 OK
r-release-linux-x86_64 1.2.3 123.35 30.81 154.16 OK
r-release-macos-arm64 1.2.3 66.00 NOTE
r-release-macos-x86_64 1.2.3 77.00 NOTE
r-release-windows-x86_64 1.2.3 144.00 92.00 236.00 OK
r-oldrel-macos-arm64 1.2.3 66.00 NOTE
r-oldrel-macos-x86_64 1.2.3 79.00 NOTE
r-oldrel-windows-ix86+x86_64 1.2.3 290.00 97.00 387.00 NOTE

Check Details

Version: 1.2.3
Check: installed package size
Result: NOTE
     installed size is 33.4Mb
     sub-directories of 1Mb or more:
     libs 33.1Mb
Flavors: r-release-macos-arm64, r-release-macos-x86_64, r-oldrel-macos-arm64, r-oldrel-macos-x86_64, r-oldrel-windows-ix86+x86_64