Last updated on 2023-03-30 09:55:20 CEST.
Flavor | Version | Tinstall | Tcheck | Ttotal | Status | Flags |
---|---|---|---|---|---|---|
r-devel-linux-x86_64-debian-clang | 1.5.0 | 27.27 | 243.33 | 270.60 | OK | |
r-devel-linux-x86_64-debian-gcc | 1.5.0 | 23.00 | 180.77 | 203.77 | OK | |
r-devel-linux-x86_64-fedora-clang | 1.5.0 | 323.11 | NOTE | |||
r-devel-linux-x86_64-fedora-gcc | 1.5.0 | 338.49 | OK | |||
r-devel-windows-x86_64 | 1.5.0 | 117.00 | 0.00 | 117.00 | OK | |
r-patched-linux-x86_64 | 1.5.0 | 41.94 | 232.52 | 274.46 | OK | |
r-release-linux-x86_64 | 1.5.0 | 23.16 | 239.58 | 262.74 | OK | |
r-release-macos-arm64 | 1.5.0 | 65.00 | OK | |||
r-release-macos-x86_64 | 1.5.0 | 109.00 | OK | |||
r-release-windows-x86_64 | 1.5.0 | 95.00 | 288.00 | 383.00 | OK | |
r-oldrel-macos-arm64 | 1.5.0 | 81.00 | OK | |||
r-oldrel-macos-x86_64 | 1.5.0 | 108.00 | OK | |||
r-oldrel-windows-ix86+x86_64 | 1.5.0 | 62.00 | 286.00 | 348.00 | NOTE |
Version: 1.5.0
Check: package dependencies
Result: NOTE
Imports includes 28 non-default packages.
Importing from so many packages makes the package vulnerable to any of
them becoming unavailable. Move as many as possible to Suggests and
use conditionally.
Flavor: r-devel-linux-x86_64-fedora-clang
Version: 1.5.0
Check: R code for possible problems
Result: NOTE
Initiating curl with CURL_SSL_BACKEND: openssl
Flavor: r-oldrel-windows-ix86+x86_64