Last updated on 2023-06-03 10:53:06 CEST.
Flavor | Version | Tinstall | Tcheck | Ttotal | Status | Flags |
---|---|---|---|---|---|---|
r-devel-linux-x86_64-debian-clang | 1.5.0 | 15.36 | 186.88 | 202.24 | OK | |
r-devel-linux-x86_64-debian-gcc | 1.5.0 | 16.82 | 138.53 | 155.35 | OK | |
r-devel-linux-x86_64-fedora-clang | 1.5.0 | 253.72 | NOTE | |||
r-devel-linux-x86_64-fedora-gcc | 1.5.0 | 263.85 | OK | |||
r-devel-windows-x86_64 | 1.5.0 | 20.00 | 145.00 | 165.00 | OK | |
r-patched-linux-x86_64 | 1.5.0 | OK | ||||
r-release-linux-x86_64 | 1.5.0 | 17.11 | 173.47 | 190.58 | OK | |
r-release-macos-arm64 | 1.5.0 | 82.00 | OK | |||
r-release-macos-x86_64 | 1.5.0 | 112.00 | OK | |||
r-release-windows-x86_64 | 1.5.0 | 19.00 | 182.00 | 201.00 | OK | |
r-oldrel-macos-arm64 | 1.5.0 | 71.00 | OK | |||
r-oldrel-macos-x86_64 | 1.5.0 | 115.00 | OK | |||
r-oldrel-windows-x86_64 | 1.5.0 | 21.00 | 187.00 | 208.00 | OK |
Version: 1.5.0
Check: installed package size
Result: NOTE
installed size is 5.0Mb
sub-directories of 1Mb or more:
doc 4.9Mb
Flavor: r-devel-linux-x86_64-fedora-clang