CRAN Package Check Results for Package rPraat

Last updated on 2022-07-05 10:49:03 CEST.

Flavor Version Tinstall Tcheck Ttotal Status Flags
r-devel-linux-x86_64-debian-clang 1.3.2-1 14.51 110.77 125.28 NOTE
r-devel-linux-x86_64-debian-gcc 1.3.2-1 17.09 81.06 98.15 NOTE
r-devel-linux-x86_64-fedora-clang 1.3.2-1 161.36 NOTE
r-devel-linux-x86_64-fedora-gcc 1.3.2-1 156.95 NOTE
r-devel-windows-x86_64 1.3.2-1 46.00 157.00 203.00 NOTE
r-patched-linux-x86_64 1.3.2-1 17.65 105.43 123.08 NOTE
r-release-linux-x86_64 1.3.2-1 13.01 106.43 119.44 NOTE
r-release-macos-arm64 1.3.2-1 47.00 NOTE
r-release-macos-x86_64 1.3.2-1 78.00 NOTE
r-release-windows-x86_64 1.3.2-1 60.00 144.00 204.00 NOTE
r-oldrel-macos-arm64 1.3.2-1 50.00 NOTE
r-oldrel-macos-x86_64 1.3.2-1 72.00 NOTE
r-oldrel-windows-ix86+x86_64 1.3.2-1 29.00 140.00 169.00 NOTE

Check Details

Version: 1.3.2-1
Check: LazyData
Result: NOTE
     'LazyData' is specified without a 'data' directory
Flavors: r-devel-linux-x86_64-debian-clang, r-devel-linux-x86_64-debian-gcc, r-devel-linux-x86_64-fedora-clang, r-devel-linux-x86_64-fedora-gcc, r-devel-windows-x86_64, r-patched-linux-x86_64, r-release-linux-x86_64, r-release-macos-arm64, r-release-macos-x86_64, r-release-windows-x86_64, r-oldrel-macos-arm64, r-oldrel-macos-x86_64, r-oldrel-windows-ix86+x86_64