CRAN Package Check Results for Package rFUSION

Last updated on 2022-01-19 10:55:34 CET.

Flavor Version Tinstall Tcheck Ttotal Status Flags
r-devel-windows-x86_64-new-UL 0.1 23.00 71.00 94.00 NOTE
r-devel-windows-x86_64-new-TK 0.1 NOTE
r-release-macos-arm64 0.1 NOTE
r-release-windows-ix86+x86_64 0.1 11.00 60.00 71.00 NOTE
r-oldrel-windows-ix86+x86_64 0.1 12.00 61.00 73.00 OK

Check Details

Version: 0.1
Check: LazyData
Result: NOTE
     'LazyData' is specified without a 'data' directory
Flavors: r-devel-windows-x86_64-new-UL, r-devel-windows-x86_64-new-TK, r-release-macos-arm64, r-release-windows-ix86+x86_64