CRAN Package Check Results for Package quickerstats

Last updated on 2022-12-03 10:51:28 CET.

Flavor Version Tinstall Tcheck Ttotal Status Flags
r-devel-linux-x86_64-debian-clang 0.0.1 2.39 28.67 31.06 NOTE
r-devel-linux-x86_64-debian-gcc 0.0.1 1.92 22.20 24.12 NOTE
r-devel-linux-x86_64-fedora-clang 0.0.1 49.31 NOTE
r-devel-linux-x86_64-fedora-gcc 0.0.1 47.47 NOTE
r-devel-windows-x86_64 0.0.1 17.00 62.00 79.00 NOTE
r-patched-linux-x86_64 0.0.1 1.62 26.81 28.43 NOTE
r-release-linux-x86_64 0.0.1 1.99 27.61 29.60 NOTE
r-release-macos-arm64 0.0.1 26.00 NOTE
r-release-macos-x86_64 0.0.1 37.00 NOTE
r-release-windows-x86_64 0.0.1 13.00 65.00 78.00 NOTE
r-oldrel-macos-arm64 0.0.1 664.00 NOTE
r-oldrel-macos-x86_64 0.0.1 37.00 NOTE
r-oldrel-windows-ix86+x86_64 0.0.1 7.00 54.00 61.00 NOTE

Additional issues

donttest

Check Details

Version: 0.0.1
Check: LazyData
Result: NOTE
     'LazyData' is specified without a 'data' directory
Flavors: r-devel-linux-x86_64-debian-clang, r-devel-linux-x86_64-debian-gcc, r-devel-linux-x86_64-fedora-clang, r-devel-linux-x86_64-fedora-gcc, r-devel-windows-x86_64, r-patched-linux-x86_64, r-release-linux-x86_64, r-release-macos-arm64, r-release-macos-x86_64, r-release-windows-x86_64, r-oldrel-macos-arm64, r-oldrel-macos-x86_64, r-oldrel-windows-ix86+x86_64

Version: 0.0.1
Check: dependencies in R code
Result: NOTE
    Namespace in Imports field not imported from: ‘readr’
     All declared Imports should be used.
Flavors: r-devel-linux-x86_64-fedora-clang, r-devel-linux-x86_64-fedora-gcc, r-release-macos-arm64, r-release-macos-x86_64, r-oldrel-macos-arm64, r-oldrel-macos-x86_64