CRAN Package Check Results for Package questionr

Last updated on 2021-12-02 10:51:52 CET.

Flavor Version Tinstall Tcheck Ttotal Status Flags
r-devel-linux-x86_64-debian-clang 0.7.5 9.19 82.30 91.49 OK
r-devel-linux-x86_64-debian-gcc 0.7.5 7.15 62.42 69.57 OK
r-devel-linux-x86_64-fedora-clang 0.7.5 121.78 NOTE
r-devel-linux-x86_64-fedora-gcc 0.7.5 109.37 NOTE
r-devel-windows-x86_64-new-UL 0.7.5 23.00 144.00 167.00 OK
r-devel-windows-x86_64-new-TK 0.7.5 NOTE
r-devel-windows-x86_64-old 0.7.5 15.00 92.00 107.00 OK
r-patched-linux-x86_64 0.7.5 9.80 77.00 86.80 OK
r-patched-solaris-x86 0.7.5 148.20 NOTE
r-release-linux-x86_64 0.7.5 7.48 76.74 84.22 OK
r-release-macos-arm64 0.7.5 NOTE
r-release-macos-x86_64 0.7.5 NOTE
r-release-windows-ix86+x86_64 0.7.5 20.00 116.00 136.00 OK
r-oldrel-macos-x86_64 0.7.5 NOTE
r-oldrel-windows-ix86+x86_64 0.7.5 20.00 119.00 139.00 OK

Check Details

Version: 0.7.5
Check: data for non-ASCII characters
Result: NOTE
     Note: found 4145 marked UTF-8 strings
Flavors: r-devel-linux-x86_64-fedora-clang, r-devel-linux-x86_64-fedora-gcc, r-devel-windows-x86_64-new-TK, r-patched-solaris-x86, r-release-macos-arm64, r-release-macos-x86_64, r-oldrel-macos-x86_64