CRAN Package Check Results for Package quest

Last updated on 2022-01-23 09:58:37 CET.

Flavor Version Tinstall Tcheck Ttotal Status Flags
r-devel-linux-x86_64-debian-clang 0.1.0 3.82 48.99 52.81 OK
r-devel-linux-x86_64-debian-gcc 0.1.0 3.63 42.60 46.23 OK
r-devel-linux-x86_64-fedora-clang 0.1.0 66.92 NOTE
r-devel-linux-x86_64-fedora-gcc 0.1.0 55.38 NOTE
r-devel-windows-x86_64-new-UL 0.1.0 45.00 76.00 121.00 OK
r-devel-windows-x86_64-new-TK 0.1.0 ERROR
r-patched-linux-x86_64 0.1.0 12.85 47.80 60.65 OK
r-release-linux-x86_64 0.1.0 3.29 47.99 51.28 OK
r-release-macos-arm64 0.1.0 NOTE
r-release-macos-x86_64 0.1.0 NOTE
r-release-windows-ix86+x86_64 0.1.0 10.00 64.00 74.00 OK
r-oldrel-macos-x86_64 0.1.0 NOTE
r-oldrel-windows-ix86+x86_64 0.1.0 11.00 62.00 73.00 OK

Check Details

Version: 0.1.0
Check: dependencies in R code
Result: NOTE
    Namespaces in Imports field not imported from:
     ‘psych’ ‘psychTools’
     All declared Imports should be used.
Flavors: r-devel-linux-x86_64-fedora-clang, r-devel-linux-x86_64-fedora-gcc, r-release-macos-arm64, r-release-macos-x86_64, r-oldrel-macos-x86_64

Version: 0.1.0
Check: Rd cross-references
Result: NOTE
    Undeclared package ‘reshape’ in Rd xrefs
Flavor: r-devel-linux-x86_64-fedora-clang

Version: 0.1.0
Check: package dependencies
Result: ERROR
    Package required but not available: 'car'
    
    See section 'The DESCRIPTION file' in the 'Writing R Extensions'
    manual.
Flavor: r-devel-windows-x86_64-new-TK