Last updated on 2023-03-25 09:51:35 CET.
Flavor | Version | Tinstall | Tcheck | Ttotal | Status | Flags |
---|---|---|---|---|---|---|
r-devel-linux-x86_64-debian-clang | 0.1.3 | 11.44 | 103.51 | 114.95 | NOTE | |
r-devel-linux-x86_64-debian-gcc | 0.1.3 | 9.58 | 80.21 | 89.79 | NOTE | |
r-devel-linux-x86_64-fedora-clang | 0.1.3 | 146.26 | NOTE | |||
r-devel-linux-x86_64-fedora-gcc | 0.1.3 | 140.33 | NOTE | |||
r-patched-linux-x86_64 | 0.1.3 | 12.55 | 99.32 | 111.87 | NOTE | |
r-release-linux-x86_64 | 0.1.3 | 11.81 | 98.45 | 110.26 | NOTE | |
r-release-macos-arm64 | 0.1.3 | 56.00 | NOTE | |||
r-release-macos-x86_64 | 0.1.3 | 55.00 | NOTE | |||
r-release-windows-x86_64 | 0.1.3 | 26.00 | 130.00 | 156.00 | NOTE | |
r-oldrel-macos-arm64 | 0.1.3 | 47.00 | NOTE | |||
r-oldrel-macos-x86_64 | 0.1.3 | 80.00 | NOTE | |||
r-oldrel-windows-ix86+x86_64 | 0.1.3 | 22.00 | 125.00 | 147.00 | NOTE |
Version: 0.1.3
Check: LazyData
Result: NOTE
'LazyData' is specified without a 'data' directory
Flavors: r-devel-linux-x86_64-debian-clang, r-devel-linux-x86_64-debian-gcc, r-devel-linux-x86_64-fedora-clang, r-devel-linux-x86_64-fedora-gcc, r-patched-linux-x86_64, r-release-linux-x86_64, r-release-macos-arm64, r-release-macos-x86_64, r-release-windows-x86_64, r-oldrel-macos-arm64, r-oldrel-macos-x86_64, r-oldrel-windows-ix86+x86_64