CRAN Package Check Results for Package quanteda

Last updated on 2022-10-03 10:50:35 CEST.

Flavor Version Tinstall Tcheck Ttotal Status Flags
r-devel-linux-x86_64-debian-clang 3.2.3 243.28 315.39 558.67 OK
r-devel-linux-x86_64-debian-gcc 3.2.3 196.60 230.66 427.26 OK
r-devel-linux-x86_64-fedora-clang 3.2.3 745.40 NOTE
r-devel-linux-x86_64-fedora-gcc 3.2.3 559.78 NOTE
r-devel-windows-x86_64 3.2.3 347.00 411.00 758.00 OK
r-patched-linux-x86_64 3.2.3 219.26 287.96 507.22 OK
r-release-linux-x86_64 3.2.3 211.43 288.47 499.90 OK
r-release-macos-arm64 3.2.3 194.00 NOTE
r-release-macos-x86_64 3.2.3 223.00 NOTE
r-release-windows-x86_64 3.2.3 418.00 382.00 800.00 OK
r-oldrel-macos-arm64 3.2.3 183.00 NOTE
r-oldrel-macos-x86_64 3.2.3 218.00 NOTE
r-oldrel-windows-ix86+x86_64 3.2.3 572.00 573.00 1145.00 NOTE

Check Details

Version: 3.2.3
Check: data for non-ASCII characters
Result: NOTE
     Note: found 4 marked UTF-8 strings
Flavors: r-devel-linux-x86_64-fedora-clang, r-devel-linux-x86_64-fedora-gcc, r-release-macos-arm64, r-release-macos-x86_64, r-oldrel-macos-arm64, r-oldrel-macos-x86_64

Version: 3.2.3
Check: installed package size
Result: NOTE
     installed size is 9.3Mb
     sub-directories of 1Mb or more:
     libs 6.5Mb
Flavors: r-release-macos-arm64, r-release-macos-x86_64, r-oldrel-macos-arm64, r-oldrel-macos-x86_64, r-oldrel-windows-ix86+x86_64