Last updated on 2023-02-07 10:54:07 CET.
Flavor | Version | Tinstall | Tcheck | Ttotal | Status | Flags |
---|---|---|---|---|---|---|
r-devel-linux-x86_64-debian-clang | 0.3-4 | 3.57 | 39.14 | 42.71 | NOTE | |
r-devel-linux-x86_64-debian-gcc | 0.3-4 | 3.44 | 28.84 | 32.28 | NOTE | |
r-devel-linux-x86_64-fedora-clang | 0.3-4 | 53.51 | NOTE | |||
r-devel-linux-x86_64-fedora-gcc | 0.3-4 | 53.24 | NOTE | |||
r-devel-windows-x86_64 | 0.3-4 | 28.00 | 74.00 | 102.00 | NOTE | |
r-patched-linux-x86_64 | 0.3-4 | 4.00 | 36.09 | 40.09 | OK | |
r-release-linux-x86_64 | 0.3-4 | 3.55 | 36.23 | 39.78 | OK | |
r-release-macos-arm64 | 0.3-4 | 18.00 | OK | |||
r-release-macos-x86_64 | 0.3-4 | 27.00 | OK | |||
r-release-windows-x86_64 | 0.3-4 | 26.00 | 70.00 | 96.00 | OK | |
r-oldrel-macos-arm64 | 0.3-4 | 31.00 | OK | |||
r-oldrel-macos-x86_64 | 0.3-4 | 29.00 | OK | |||
r-oldrel-windows-ix86+x86_64 | 0.3-4 | 11.00 | 77.00 | 88.00 | OK |
Version: 0.3-4
Check: Rd files
Result: NOTE
checkRd: (-1) GRI.Rd:3: Escaped LaTeX specials: \&
Flavors: r-devel-linux-x86_64-debian-clang, r-devel-linux-x86_64-debian-gcc, r-devel-linux-x86_64-fedora-clang, r-devel-linux-x86_64-fedora-gcc, r-devel-windows-x86_64