CRAN Package Check Results for Package qtl2pleio

Last updated on 2022-11-30 10:51:46 CET.

Flavor Version Tinstall Tcheck Ttotal Status Flags
r-devel-linux-x86_64-debian-clang 1.4.3 90.22 125.49 215.71 NOTE
r-devel-linux-x86_64-debian-gcc 1.4.3 72.05 91.50 163.55 NOTE
r-devel-linux-x86_64-fedora-clang 1.4.3 286.54 NOTE
r-devel-linux-x86_64-fedora-gcc 1.4.3 278.59 NOTE
r-devel-windows-x86_64 1.4.3 90.00 184.00 274.00 NOTE
r-patched-linux-x86_64 1.4.3 69.92 119.61 189.53 NOTE
r-release-linux-x86_64 1.4.3 73.34 118.47 191.81 NOTE
r-release-macos-arm64 1.4.3 69.00 NOTE
r-release-macos-x86_64 1.4.3 120.00 NOTE
r-release-windows-x86_64 1.4.3 78.00 178.00 256.00 NOTE
r-oldrel-macos-arm64 1.4.3 77.00 NOTE
r-oldrel-macos-x86_64 1.4.3 98.00 NOTE
r-oldrel-windows-ix86+x86_64 1.4.3 200.00 279.00 479.00 NOTE

Check Details

Version: 1.4.3
Check: LazyData
Result: NOTE
     'LazyData' is specified without a 'data' directory
Flavors: r-devel-linux-x86_64-debian-clang, r-devel-linux-x86_64-debian-gcc, r-devel-linux-x86_64-fedora-clang, r-devel-linux-x86_64-fedora-gcc, r-devel-windows-x86_64, r-patched-linux-x86_64, r-release-linux-x86_64, r-release-macos-arm64, r-release-macos-x86_64, r-release-windows-x86_64, r-oldrel-macos-arm64, r-oldrel-macos-x86_64, r-oldrel-windows-ix86+x86_64

Version: 1.4.3
Check: installed package size
Result: NOTE
     installed size is 16.7Mb
     sub-directories of 1Mb or more:
     libs 16.4Mb
Flavors: r-release-macos-arm64, r-release-macos-x86_64, r-oldrel-macos-arm64, r-oldrel-macos-x86_64