CRAN Package Check Results for Package qha

Last updated on 2022-01-26 10:54:27 CET.

Flavor Version Tinstall Tcheck Ttotal Status Flags
r-devel-linux-x86_64-debian-clang 0.0.8 6.89 72.10 78.99 OK
r-devel-linux-x86_64-debian-gcc 0.0.8 5.36 55.04 60.40 OK
r-devel-linux-x86_64-fedora-clang 0.0.8 95.14 OK
r-devel-linux-x86_64-fedora-gcc 0.0.8 81.95 OK
r-devel-windows-x86_64-new-UL 0.0.8 17.00 95.00 112.00 OK
r-devel-windows-x86_64-new-TK 0.0.8 ERROR
r-patched-linux-x86_64 0.0.8 5.55 67.24 72.79 OK
r-release-linux-x86_64 0.0.8 6.74 66.72 73.46 OK
r-release-macos-arm64 0.0.8 OK
r-release-macos-x86_64 0.0.8 OK
r-release-windows-ix86+x86_64 0.0.8 18.00 80.00 98.00 OK
r-oldrel-macos-x86_64 0.0.8 OK
r-oldrel-windows-ix86+x86_64 0.0.8 19.00 91.00 110.00 OK

Check Details

Version: 0.0.8
Check: package dependencies
Result: ERROR
    Package required but not available: 'FactoMineR'
    
    See section 'The DESCRIPTION file' in the 'Writing R Extensions'
    manual.
Flavor: r-devel-windows-x86_64-new-TK