CRAN Package Check Results for Package qgam

Last updated on 2023-01-30 10:52:09 CET.

Flavor Version Tinstall Tcheck Ttotal Status Flags
r-devel-linux-x86_64-debian-clang 1.3.4 15.80 439.39 455.19 OK
r-devel-linux-x86_64-debian-gcc 1.3.4 12.32 327.40 339.72 OK
r-devel-linux-x86_64-fedora-clang 1.3.4 551.78 NOTE
r-devel-linux-x86_64-fedora-gcc 1.3.4 552.86 OK
r-devel-windows-x86_64 1.3.4 27.00 463.00 490.00 NOTE
r-patched-linux-x86_64 1.3.4 17.37 416.80 434.17 OK
r-release-linux-x86_64 1.3.4 15.16 412.85 428.01 OK
r-release-macos-arm64 1.3.4 210.00 NOTE
r-release-macos-x86_64 1.3.4 247.00 NOTE
r-release-windows-x86_64 1.3.4 35.00 477.00 512.00 NOTE
r-oldrel-macos-arm64 1.3.4 293.00 NOTE
r-oldrel-macos-x86_64 1.3.4 231.00 NOTE
r-oldrel-windows-ix86+x86_64 1.3.4 34.00 664.00 698.00 NOTE

Check Details

Version: 1.3.4
Check: installed package size
Result: NOTE
     installed size is 5.9Mb
     sub-directories of 1Mb or more:
     doc 5.2Mb
Flavors: r-devel-linux-x86_64-fedora-clang, r-devel-windows-x86_64, r-release-macos-arm64, r-release-macos-x86_64, r-release-windows-x86_64, r-oldrel-macos-arm64, r-oldrel-macos-x86_64, r-oldrel-windows-ix86+x86_64